 digit of 56673466?
3
What is the units digit of 25093738?
8
What is the ten thousands digit of 349456724?
5
What is the hundreds digit of 166861496?
4
What is the ten millions digit of 49384730?
4
What is the hundreds digit of 187829824?
8
What is the ten thousands digit of 190052628?
5
What is the billions digit of 1507060558?
1
What is the ten thousands digit of 209484483?
8
What is the tens digit of 589395048?
4
What is the hundred thousands digit of 469279925?
2
What is the ten thousands digit of 5220088?
2
What is the units digit of 133302057?
7
What is the millions digit of 145378241?
5
What is the hundreds digit of 1013277328?
3
What is the hundreds digit of 2170219228?
2
What is the tens digit of 776341820?
2
What is the ten millions digit of 2351096627?
5
What is the hundred thousands digit of 190485895?
4
What is the tens digit of 145759569?
6
What is the units digit of 80749395?
5
What is the hundred millions digit of 282843696?
2
What is the millions digit of 69984868?
9
What is the units digit of 73717461?
1
What is the hundred thousands digit of 131733721?
7
What is the ten thousands digit of 130894128?
9
What is the ten millions digit of 226338136?
2
What is the hundred thousands digit of 853230075?
2
What is the hundred millions digit of 3857632380?
8
What is the thousands digit of 261735835?
5
What is the hundred thousands digit of 954821975?
8
What is the hundreds digit of 3830229667?
6
What is the millions digit of 37850630?
7
What is the thousands digit of 192034505?
4
What is the thousands digit of 35389201?
9
What is the ten millions digit of 42876481?
4
What is the units digit of 70511465?
5
What is the hundred millions digit of 109704424?
1
What is the ten millions digit of 24728500?
2
What is the hundreds digit of 1999208919?
9
What is the hundred thousands digit of 75507623?
5
What is the ten millions digit of 10202671?
1
What is the units digit of 166223044?
4
What is the millions digit of 46928715?
6
What is the hundreds digit of 11559553?
5
What is the billions digit of 2365768687?
2
What is the hundred thousands digit of 71676236?
6
What is the ten millions digit of 50822031?
5
What is the ten thousands digit of 107095145?
9
What is the ten millions digit of 9364445597?
6
What is the tens digit of 6319884632?
3
What is the millions digit of 967694244?
7
What is the ten thousands digit of 14340870?
4
What is the tens digit of 48452884?
8
What is the billions digit of 1702612330?
1
What is the millions digit of 63392555?
3
What is the units digit of 75174025?
5
What is the thousands digit of 81316558?
6
What is the ten millions digit of 2079002526?
7
What is the thousands digit of 589436962?
6
What is the hundreds digit of 267409469?
4
What is the thousands digit of 652470697?
0
What is the ten thousands digit of 28968421?
6
What is the millions digit of 157106514?
7
What is the billions digit of 2141139676?
2
What is the hundred thousands digit of 579404522?
4
What is the millions digit of 266429962?
6
What is the ten millions digit of 2472285328?
7
What is the millions digit of 433821785?
3
What is the millions digit of 73048832?
3
What is the hundreds digit of 60475070?
0
What is the ten millions digit of 85078627?
8
What is the hundred millions digit of 1106849641?
1
What is the thousands digit of 10193136?
3
What is the millions digit of 284782912?
4
What is the units digit of 87381395?
5
What is the millions digit of 1999129369?
9
What is the hundred thousands digit of 984750445?
7
What is the millions digit of 472143562?
2
What is the ten millions digit of 266770598?
6
What is the millions digit of 252545101?
2
What is the ten millions digit of 2480339698?
8
What is the ten thousands digit of 1541304842?
0
What is the tens digit of 317960709?
0
What is the tens digit of 116319909?
0
What is the millions digit of 15257922?
5
What is the ten thousands digit of 72247026?
4
What is the tens digit of 522636969?
6
What is the ten thousands digit of 46176874?
7
What is the ten millions digit of 15505281?
1
What is the ten thousands digit of 419570111?
7
What is the millions digit of 52208146?
2
What is the hundred thousands digit of 93722035?
7
What is the thousands digit of 1229448625?
8
What is the millions digit of 1025716256?
5
What is the hundred thousands digit of 92155678?
1
What is the ten thousands digit of 101458452?
5
What is the millions digit of 31385840?
1
What is the ten millions digit of 838599505?
3
What is the thousands digit of 90855351?
5
What is the hundred millions digit of 203218106?
2
What is the hundreds digit of 782753449?
4
What is the tens digit of 54818182?
8
What is the tens digit of 73019542?
4
What is the thousands digit of 34142296?
2
What is the ten thousands digit of 981480363?
8
What is the ten thousands digit of 321034079?
3
What is the millions digit of 46121444?
6
What is the hundreds digit of 5960312671?
6
What is the millions digit of 1426938694?
6
What is the units digit of 10199848?
8
What is the ten millions digit of 5430701500?
3
What is the ten millions digit of 373795933?
7
What is the tens digit of 450512085?
8
What is the thousands digit of 60566447?
6
What is the hundreds digit of 216678195?
1
What is the millions digit of 799292933?
9
What is the ten thousands digit of 745215435?
1
What is the millions digit of 3826286?
3
What is the hundred thousands digit of 135553442?
5
What is the thousands digit of 26714155?
4
What is the millions digit of 182752758?
2
What is the thousands digit of 3121917661?
7
What is the millions digit of 846133122?
6
What is the hundreds digit of 988704551?
5
What is the units digit of 67274645?
5
What is the ten thousands digit of 21462906?
6
What is the billions digit of 3178832672?
3
What is the ten thousands digit of 4751243590?
4
What is the thousands digit of 1423275554?
5
What is the millions digit of 90165067?
0
What is the billions digit of 1236930586?
1
What is the hundred millions digit of 270101283?
2
What is the hundreds digit of 100273895?
8
What is the ten thousands digit of 111797251?
9
What is the millions digit of 153701869?
3
What is the thousands digit of 226366950?
6
What is the hundreds digit of 455051?
0
What is the millions digit of 2037900291?
7
What is the units digit of 37511748?
8
What is the tens digit of 162364518?
1
What is the units digit of 106588381?
1
What is the thousands digit of 689817019?
7
What is the ten thousands digit of 664213755?
1
What is the hundred millions digit of 102200451?
1
What is the hundreds digit of 1087894451?
4
What is the ten millions digit of 135512886?
3
What is the thousands digit of 882783943?
3
What is the hundred millions digit of 655300241?
6
What is the tens digit of 59539618?
1
What is the hundreds digit of 449159763?
7
What is the millions digit of 346279709?
6
What is the hundred millions digit of 4854026720?
8
What is the hundreds digit of 308024915?
9
What is the ten thousands digit of 768100265?
0
What is the hundreds digit of 30008816?
8
What is the units digit of 628890834?
4
What is the hundreds digit of 199392644?
6
What is the hundred thousands digit of 608486315?
4
What is the tens digit of 218398653?
5
What is the units digit of 4667907334?
4
What is the tens digit of 209634835?
3
What is the hundred thousands digit of 493066093?
0
What is the hundreds digit of 38838594?
5
What is the millions digit of 1743020373?
3
What is the tens digit of 919687076?
7
What is the units digit of 959928495?
5
What is the hundred millions digit of 195964928?
1
What is the thousands digit of 77238291?
8
What is the tens digit of 1189413237?
3
What is the millions digit of 4033276815?
3
What is the tens digit of 132799771?
7
What is the hundred thousands digit of 252117126?
1
What is the units digit of 280503811?
1
What is the hundred thousands digit of 836510613?
5
What is the hundred thousands digit of 2067438281?
4
What is the hundred millions digit of 1840104914?
8
What is the hundred millions digit of 167492168?
1
What is the thousands digit of 33818516?
8
What is the thousands digit of 23029375?
9
What is the hundreds digit of 2369258027?
0
What is the tens digit of 53074398?
9
What is the tens digit of 13740847?
4
What is the units digit of 3276930892?
2
What is the